{"id":9,"date":"2019-05-31T23:38:27","date_gmt":"2019-05-31T21:38:27","guid":{"rendered":"http:\/\/lesjardinsducanal.net\/?page_id=9"},"modified":"2026-03-23T14:08:00","modified_gmt":"2026-03-23T13:08:00","slug":"amap-de-biscarrosse-les-jardins-du-canal","status":"publish","type":"page","link":"https:\/\/lesjardinsducanal.net\/","title":{"rendered":"Actualit\u00e9s :"},"content":{"rendered":"\n<ul class=\"wp-block-list\">\n<li class=\"has-text-color has-link-color wp-elements-6d7234c8288c712f8843ecd55eea92d4\" style=\"color:#f80707;font-size:16px\"><strong>Chasse aux oeufs \u00e0 la Ferme du Hibou<\/strong> <em>(r\u00e9serv\u00e9e aux<a href=\"https:\/\/lesjardinsducanal.net\/index.php\/comment-adherer-ou-nous-rencontrer\/\" data-type=\"page\" data-id=\"1175\"> adh\u00e9rents de l&rsquo;AMAP<\/a> et leur famille)<\/em> : <strong>Dimanche 5 avril \u00e0 11 heures<\/strong>. Inscription par mail \u00e0 contact@lesjardinsducanal.net<\/li>\n\n\n\n<li class=\"has-text-color has-link-color wp-elements-4fdb1569ff623bbbede70b55f43e50f4\" style=\"color:#06bc1b;font-size:16px\"><strong>R\u00e9servation de p<a href=\"https:\/\/www.facebook.com\/reel\/26491256780526040\">aniers hebdomadaires de l\u00e9gumes bio et locaux<\/a> <\/strong> : il en reste encore quelques-uns ! <a href=\"https:\/\/lesjardinsducanal.net\/index.php\/paniers-de-legumes\/\" data-type=\"page\" data-id=\"1163\"><strong>Inscrivez-vous !<\/strong><\/a><\/li>\n<\/ul>\n\n\n\n<p class=\"has-text-align-center has-white-color has-vivid-red-background-color has-text-color has-background has-link-color has-medium-font-size wp-elements-2cbf133130d69493dc896767cec05915\"><strong><a href=\"https:\/\/lesjardinsducanal.net\/commandes\/\">Commandes en cours<\/a><\/strong><\/p>\n\n\n\n<p class=\"has-text-align-center has-white-color has-cyan-bluish-gray-background-color has-text-color has-background has-link-color has-medium-font-size wp-elements-be625a25a3ac2816fcbff683e0a0abf1\"><strong><a href=\"https:\/\/lesjardinsducanal.net\/index.php\/comment-adherer-ou-nous-rencontrer\/\" data-type=\"page\" data-id=\"1175\">Comment adh\u00e9rer ? \/ O\u00f9 nous rencontrer ?<\/a><\/strong><\/p>\n\n\n\n<p class=\"has-text-align-center has-white-color has-light-green-cyan-background-color has-text-color has-background has-link-color has-medium-font-size wp-elements-21c53f98da280dfb1539f23c86bcf547\" style=\"font-style:normal;font-weight:100\"><strong><a href=\"https:\/\/lesjardinsducanal.net\/index.php\/les-jardins-du-canal-cest-quoi\/\" data-type=\"page\" data-id=\"957\">Les Jardins du Canal, c&rsquo;est quoi ?<\/a><\/strong><\/p>\n\n\n\n<h2 class=\"wp-block-heading has-text-align-left has-black-color has-text-color has-link-color wp-elements-389a1be78d3b8e0f2102ce7314234f7e\"><strong><mark style=\"background-color:rgba(0, 0, 0, 0)\" class=\"has-inline-color has-black-color\">Contact<\/mark><\/strong> :<\/h2>\n\n\n\n<ul class=\"wp-block-list\">\n<li>Mail : <strong><a href=\"mailto:contact@lesjardinsducanal.net\">contact[at]lesjardinsducanal.net<\/a><\/strong> <br>(<em>Pensez \u00e0 v\u00e9rifier vos dossiers spams et autres ind\u00e9sirables dans lesquels peuvent se loger les mails<\/em>)<\/li>\n\n\n\n<li><a href=\"https:\/\/www.facebook.com\/groups\/lesjardinsducanal\"><strong>Page Facebook<\/strong><\/a><\/li>\n\n\n\n<li><a href=\"https:\/\/lesjardinsducanal.net\/index.php\/comment-adherer-ou-nous-rencontrer\/\" data-type=\"page\" data-id=\"1175\"><strong>Venir nous voir<\/strong><\/a><\/li>\n<\/ul>\n","protected":false},"excerpt":{"rendered":"<div class=\"mh-excerpt\"><p>Commandes en cours Comment adh\u00e9rer ? \/ O\u00f9 nous rencontrer ? Les Jardins du Canal, c&rsquo;est quoi ? Contact :<\/p>\n<\/div>","protected":false},"author":2,"featured_media":567,"parent":0,"menu_order":0,"comment_status":"closed","ping_status":"closed","template":"","meta":{"footnotes":""},"class_list":["post-9","page","type-page","status-publish","has-post-thumbnail","hentry"],"jetpack_sharing_enabled":true,"post_mailing_queue_ids":[],"_links":{"self":[{"href":"https:\/\/lesjardinsducanal.net\/index.php\/wp-json\/wp\/v2\/pages\/9","targetHints":{"allow":["GET"]}}],"collection":[{"href":"https:\/\/lesjardinsducanal.net\/index.php\/wp-json\/wp\/v2\/pages"}],"about":[{"href":"https:\/\/lesjardinsducanal.net\/index.php\/wp-json\/wp\/v2\/types\/page"}],"author":[{"embeddable":true,"href":"https:\/\/lesjardinsducanal.net\/index.php\/wp-json\/wp\/v2\/users\/2"}],"replies":[{"embeddable":true,"href":"https:\/\/lesjardinsducanal.net\/index.php\/wp-json\/wp\/v2\/comments?post=9"}],"version-history":[{"count":269,"href":"https:\/\/lesjardinsducanal.net\/index.php\/wp-json\/wp\/v2\/pages\/9\/revisions"}],"predecessor-version":[{"id":1341,"href":"https:\/\/lesjardinsducanal.net\/index.php\/wp-json\/wp\/v2\/pages\/9\/revisions\/1341"}],"wp:featuredmedia":[{"embeddable":true,"href":"https:\/\/lesjardinsducanal.net\/index.php\/wp-json\/wp\/v2\/media\/567"}],"wp:attachment":[{"href":"https:\/\/lesjardinsducanal.net\/index.php\/wp-json\/wp\/v2\/media?parent=9"}],"curies":[{"name":"wp","href":"https:\/\/api.w.org\/{rel}","templated":true}]}}